{"id":14351,"date":"2023-05-01T15:11:27","date_gmt":"2023-05-01T15:11:27","guid":{"rendered":"http:\/\/lelabo.ca\/fr\/?post_type=team&#038;p=14351"},"modified":"2023-05-01T15:13:12","modified_gmt":"2023-05-01T15:13:12","slug":"kathy-lapointe","status":"publish","type":"team","link":"https:\/\/lelabo.ca\/fr\/membre\/kathy-lapointe\/","title":{"rendered":"Kathy Lapointe"},"content":{"rendered":"<p>Kathy est portraitiste multidisciplinaire, artiste visuelle; photographe, vid\u00e9aste et artisane. Native du Saguenay, d\u2019origine Acadienne et Autochtone, elle a v\u00e9cue une grande partie de sa vie au Qu\u00e9bec, pr\u00e8s de ce qu\u2019elle appelle : son Fleuve. Elle vie pr\u00e9sentement dans l&rsquo;Ouest d&rsquo;Ottawa.<\/p>\n<p>Elle est reconnue d\u00e8s son enfance, pour ses talents artistiques en dessin et musique, ainsi que sa facilit\u00e9 \u00e0 apprendre et ma\u00eetriser des nouveaux m\u00e9dias et instruments. Elle cumule d\u00e8s lors, des sollicitations pour faire des projets artistiques et gagne plusieurs concours. Au secondaire, elle re\u00e7oit des distinctions et obtient un baccalaur\u00e9at gratuit lors d\u2019un concours de dessin ainsi que la publication de son \u0153uvre, pour un premier prix d\u2019un concours litt\u00e9raire provinciale. Malgr\u00e9 l&rsquo;interdisciplinarit\u00e9 des m\u00e9dias qu&rsquo;elle utilise, il se trace une ligne conductrice qui la motive; la recherche des liens qui donne vie a chacun des sujets qu&rsquo;elle observe, des projets qu\u2019elle dessine, des visages qu\u2019elle regarde et photographie.<\/p>\n<p>Au cours des 10 derni\u00e8res ann\u00e9es en Ontario, elle a diversifi\u00e9 ses exp\u00e9riences artistiques et culturelles avec de nouvelles rencontres. Elle a fait beaucoup de projets d\u2019explorations artistiques, appris l&rsquo;art du canoe d&rsquo;\u00e9corce traditionnel, particip\u00e9 \u00e0 des activit\u00e9s et des partages culturels. S\u00e9ries photos, films et capsules documentaires d&rsquo;ethnologie visuels, constructions de cano\u00ebs d&rsquo;\u00e9corces traditionnels, le tout encourag\u00e9s par plusieurs subventions du Conseil des Arts de l&rsquo;Ontario, motive et fait grandir ses perspectives et recherches dans son art.<\/p>\n<div id=\"metaslider-id-14355\" style=\"max-width: 700px; margin: 0 auto;\" class=\"ml-slider-3-97-0 metaslider metaslider-flex metaslider-14355 ml-slider ms-theme-default nav-hidden\" role=\"region\" aria-roledescription=\"Slideshow\" aria-label=\"Kathy Lapointe\" data-width=\"700\">\n    <div id=\"metaslider_container_14355\">\n        <div id=\"metaslider_14355\">\n            <ul class='slides'>\n                <li style=\"display: block; width: 100%;\" class=\"slide-14358 ms-image \" aria-roledescription=\"slide\" aria-label=\"slide-14358\" data-date=\"2023-05-01 15:06:06\"><img loading=\"lazy\" decoding=\"async\" src=\"https:\/\/lelabo.ca\/fr\/wp-content\/uploads\/sites\/2\/2023\/05\/Capture-d\u2019e\u0301cran-2023-05-01-a\u0300-10.53.26-700x500.png\" height=\"500\" width=\"700\" alt=\"\" class=\"slider-14355 slide-14358\" title=\"Capture d\u2019e\u0301cran 2023-05-01 a\u0300 10.53.26\" \/><div class=\"caption-wrap\"><div class=\"caption\">Exposition Nos Visages, Notre Histoire<\/div><\/div><\/li>\n                <li style=\"display: none; width: 100%;\" class=\"slide-14357 ms-image \" aria-roledescription=\"slide\" aria-label=\"slide-14357\" data-date=\"2023-05-01 15:06:06\"><img loading=\"lazy\" decoding=\"async\" src=\"https:\/\/lelabo.ca\/fr\/wp-content\/uploads\/sites\/2\/2023\/05\/Capture-d\u2019e\u0301cran-2023-05-01-a\u0300-10.53.36-700x500.png\" height=\"500\" width=\"700\" alt=\"\" class=\"slider-14355 slide-14357\" title=\"Capture d\u2019e\u0301cran 2023-05-01 a\u0300 10.53.36\" \/><div class=\"caption-wrap\"><div class=\"caption\">Exposition Nos Visages, Notre Histoire<\/div><\/div><\/li>\n                <li style=\"display: none; width: 100%;\" class=\"slide-14356 ms-image \" aria-roledescription=\"slide\" aria-label=\"slide-14356\" data-date=\"2023-05-01 15:06:06\"><img loading=\"lazy\" decoding=\"async\" src=\"https:\/\/lelabo.ca\/fr\/wp-content\/uploads\/sites\/2\/2023\/05\/Capture-d\u2019e\u0301cran-2023-05-01-a\u0300-10.51.43-602x430.png\" height=\"500\" width=\"700\" alt=\"\" class=\"slider-14355 slide-14356\" title=\"Capture d\u2019e\u0301cran 2023-05-01 a\u0300 10.51.43\" \/><div class=\"caption-wrap\"><div class=\"caption\">Mise \u00e0 l'eau du cano\u00eb d'\u00e9corce, au Parc Om\u00e9ga<\/div><\/div><\/li>\n            <\/ul>\n        <\/div>\n        \n    <\/div>\n<\/div>\n<p><em>\u00ab\u00a0J&rsquo;aime faire des projets artistiques qui aident a comprendre et a se comprendre. Je crois profond\u00e9ment que nous appartenons \u00e0 la nature et le vivant sous toutes ses formes. Je crois aussi que notre \u00e9quilibre, comme celui de mon art et mes d\u00e9marches artistiques, d\u00e9pends de prendre conscience, d&rsquo;entretenir et de garder vivant ces liens.\u00a0\u00bb<\/em><\/p>\n","protected":false},"author":2,"featured_media":14359,"menu_order":0,"template":"","team_designation":[],"team_department":[],"class_list":["post-14351","team","type-team","status-publish","has-post-thumbnail","hentry"],"yoast_head":"<!-- This site is optimized with the Yoast SEO plugin v24.9 - https:\/\/yoast.com\/wordpress\/plugins\/seo\/ -->\n<title>Kathy Lapointe - Le Labo FR<\/title>\n<meta name=\"robots\" content=\"index, follow, max-snippet:-1, max-image-preview:large, max-video-preview:-1\" \/>\n<link rel=\"canonical\" href=\"https:\/\/lelabo.ca\/fr\/membre\/kathy-lapointe\/\" \/>\n<meta property=\"og:locale\" content=\"fr_FR\" \/>\n<meta property=\"og:type\" content=\"article\" \/>\n<meta property=\"og:title\" content=\"Kathy Lapointe - Le Labo FR\" \/>\n<meta property=\"og:description\" content=\"Kathy est portraitiste multidisciplinaire, artiste visuelle; photographe, vid\u00e9aste et artisane. Native du Saguenay, d\u2019origine Acadienne et Autochtone, elle a v\u00e9cue une grande partie de sa vie au Qu\u00e9bec, pr\u00e8s de ce qu\u2019elle appelle : son Fleuve. Elle vie pr\u00e9sentement dans\" \/>\n<meta property=\"og:url\" content=\"https:\/\/lelabo.ca\/fr\/membre\/kathy-lapointe\/\" \/>\n<meta property=\"og:site_name\" content=\"Le Labo FR\" \/>\n<meta property=\"article:modified_time\" content=\"2023-05-01T15:13:12+00:00\" \/>\n<meta property=\"og:image\" content=\"https:\/\/lelabo.ca\/fr\/wp-content\/uploads\/sites\/2\/2023\/05\/CC5NGHZKCJFYLDT2LUZBSUFPHY.jpeg\" \/>\n\t<meta property=\"og:image:width\" content=\"2048\" \/>\n\t<meta property=\"og:image:height\" content=\"1510\" \/>\n\t<meta property=\"og:image:type\" content=\"image\/jpeg\" \/>\n<meta name=\"twitter:card\" content=\"summary_large_image\" \/>\n<meta name=\"twitter:label1\" content=\"Dur\u00e9e de lecture estim\u00e9e\" \/>\n\t<meta name=\"twitter:data1\" content=\"2 minutes\" \/>\n<script type=\"application\/ld+json\" class=\"yoast-schema-graph\">{\"@context\":\"https:\/\/schema.org\",\"@graph\":[{\"@type\":\"WebPage\",\"@id\":\"https:\/\/lelabo.ca\/fr\/membre\/kathy-lapointe\/\",\"url\":\"https:\/\/lelabo.ca\/fr\/membre\/kathy-lapointe\/\",\"name\":\"Kathy Lapointe - Le Labo FR\",\"isPartOf\":{\"@id\":\"https:\/\/lelabo.ca\/fr\/#website\"},\"primaryImageOfPage\":{\"@id\":\"https:\/\/lelabo.ca\/fr\/membre\/kathy-lapointe\/#primaryimage\"},\"image\":{\"@id\":\"https:\/\/lelabo.ca\/fr\/membre\/kathy-lapointe\/#primaryimage\"},\"thumbnailUrl\":\"https:\/\/lelabo.ca\/fr\/wp-content\/uploads\/sites\/2\/2023\/05\/CC5NGHZKCJFYLDT2LUZBSUFPHY.jpeg\",\"datePublished\":\"2023-05-01T15:11:27+00:00\",\"dateModified\":\"2023-05-01T15:13:12+00:00\",\"breadcrumb\":{\"@id\":\"https:\/\/lelabo.ca\/fr\/membre\/kathy-lapointe\/#breadcrumb\"},\"inLanguage\":\"fr-FR\",\"potentialAction\":[{\"@type\":\"ReadAction\",\"target\":[\"https:\/\/lelabo.ca\/fr\/membre\/kathy-lapointe\/\"]}]},{\"@type\":\"ImageObject\",\"inLanguage\":\"fr-FR\",\"@id\":\"https:\/\/lelabo.ca\/fr\/membre\/kathy-lapointe\/#primaryimage\",\"url\":\"https:\/\/lelabo.ca\/fr\/wp-content\/uploads\/sites\/2\/2023\/05\/CC5NGHZKCJFYLDT2LUZBSUFPHY.jpeg\",\"contentUrl\":\"https:\/\/lelabo.ca\/fr\/wp-content\/uploads\/sites\/2\/2023\/05\/CC5NGHZKCJFYLDT2LUZBSUFPHY.jpeg\",\"width\":2048,\"height\":1510,\"caption\":\"Saguenay (Chicoutimi) maison de la presse entrevue avec kathy lapointe photographe\"},{\"@type\":\"BreadcrumbList\",\"@id\":\"https:\/\/lelabo.ca\/fr\/membre\/kathy-lapointe\/#breadcrumb\",\"itemListElement\":[{\"@type\":\"ListItem\",\"position\":1,\"name\":\"Accueil\",\"item\":\"https:\/\/lelabo.ca\/fr\/\"},{\"@type\":\"ListItem\",\"position\":2,\"name\":\"Kathy Lapointe\"}]},{\"@type\":\"WebSite\",\"@id\":\"https:\/\/lelabo.ca\/fr\/#website\",\"url\":\"https:\/\/lelabo.ca\/fr\/\",\"name\":\"Le Labo FR\",\"description\":\"\",\"potentialAction\":[{\"@type\":\"SearchAction\",\"target\":{\"@type\":\"EntryPoint\",\"urlTemplate\":\"https:\/\/lelabo.ca\/fr\/?s={search_term_string}\"},\"query-input\":{\"@type\":\"PropertyValueSpecification\",\"valueRequired\":true,\"valueName\":\"search_term_string\"}}],\"inLanguage\":\"fr-FR\"}]}<\/script>\n<!-- \/ Yoast SEO plugin. -->","yoast_head_json":{"title":"Kathy Lapointe - Le Labo FR","robots":{"index":"index","follow":"follow","max-snippet":"max-snippet:-1","max-image-preview":"max-image-preview:large","max-video-preview":"max-video-preview:-1"},"canonical":"https:\/\/lelabo.ca\/fr\/membre\/kathy-lapointe\/","og_locale":"fr_FR","og_type":"article","og_title":"Kathy Lapointe - Le Labo FR","og_description":"Kathy est portraitiste multidisciplinaire, artiste visuelle; photographe, vid\u00e9aste et artisane. Native du Saguenay, d\u2019origine Acadienne et Autochtone, elle a v\u00e9cue une grande partie de sa vie au Qu\u00e9bec, pr\u00e8s de ce qu\u2019elle appelle : son Fleuve. Elle vie pr\u00e9sentement dans","og_url":"https:\/\/lelabo.ca\/fr\/membre\/kathy-lapointe\/","og_site_name":"Le Labo FR","article_modified_time":"2023-05-01T15:13:12+00:00","og_image":[{"width":2048,"height":1510,"url":"https:\/\/lelabo.ca\/fr\/wp-content\/uploads\/sites\/2\/2023\/05\/CC5NGHZKCJFYLDT2LUZBSUFPHY.jpeg","type":"image\/jpeg"}],"twitter_card":"summary_large_image","twitter_misc":{"Dur\u00e9e de lecture estim\u00e9e":"2 minutes"},"schema":{"@context":"https:\/\/schema.org","@graph":[{"@type":"WebPage","@id":"https:\/\/lelabo.ca\/fr\/membre\/kathy-lapointe\/","url":"https:\/\/lelabo.ca\/fr\/membre\/kathy-lapointe\/","name":"Kathy Lapointe - Le Labo FR","isPartOf":{"@id":"https:\/\/lelabo.ca\/fr\/#website"},"primaryImageOfPage":{"@id":"https:\/\/lelabo.ca\/fr\/membre\/kathy-lapointe\/#primaryimage"},"image":{"@id":"https:\/\/lelabo.ca\/fr\/membre\/kathy-lapointe\/#primaryimage"},"thumbnailUrl":"https:\/\/lelabo.ca\/fr\/wp-content\/uploads\/sites\/2\/2023\/05\/CC5NGHZKCJFYLDT2LUZBSUFPHY.jpeg","datePublished":"2023-05-01T15:11:27+00:00","dateModified":"2023-05-01T15:13:12+00:00","breadcrumb":{"@id":"https:\/\/lelabo.ca\/fr\/membre\/kathy-lapointe\/#breadcrumb"},"inLanguage":"fr-FR","potentialAction":[{"@type":"ReadAction","target":["https:\/\/lelabo.ca\/fr\/membre\/kathy-lapointe\/"]}]},{"@type":"ImageObject","inLanguage":"fr-FR","@id":"https:\/\/lelabo.ca\/fr\/membre\/kathy-lapointe\/#primaryimage","url":"https:\/\/lelabo.ca\/fr\/wp-content\/uploads\/sites\/2\/2023\/05\/CC5NGHZKCJFYLDT2LUZBSUFPHY.jpeg","contentUrl":"https:\/\/lelabo.ca\/fr\/wp-content\/uploads\/sites\/2\/2023\/05\/CC5NGHZKCJFYLDT2LUZBSUFPHY.jpeg","width":2048,"height":1510,"caption":"Saguenay (Chicoutimi) maison de la presse entrevue avec kathy lapointe photographe"},{"@type":"BreadcrumbList","@id":"https:\/\/lelabo.ca\/fr\/membre\/kathy-lapointe\/#breadcrumb","itemListElement":[{"@type":"ListItem","position":1,"name":"Accueil","item":"https:\/\/lelabo.ca\/fr\/"},{"@type":"ListItem","position":2,"name":"Kathy Lapointe"}]},{"@type":"WebSite","@id":"https:\/\/lelabo.ca\/fr\/#website","url":"https:\/\/lelabo.ca\/fr\/","name":"Le Labo FR","description":"","potentialAction":[{"@type":"SearchAction","target":{"@type":"EntryPoint","urlTemplate":"https:\/\/lelabo.ca\/fr\/?s={search_term_string}"},"query-input":{"@type":"PropertyValueSpecification","valueRequired":true,"valueName":"search_term_string"}}],"inLanguage":"fr-FR"}]}},"_links":{"self":[{"href":"https:\/\/lelabo.ca\/fr\/wp-json\/wp\/v2\/team\/14351","targetHints":{"allow":["GET"]}}],"collection":[{"href":"https:\/\/lelabo.ca\/fr\/wp-json\/wp\/v2\/team"}],"about":[{"href":"https:\/\/lelabo.ca\/fr\/wp-json\/wp\/v2\/types\/team"}],"author":[{"embeddable":true,"href":"https:\/\/lelabo.ca\/fr\/wp-json\/wp\/v2\/users\/2"}],"wp:featuredmedia":[{"embeddable":true,"href":"https:\/\/lelabo.ca\/fr\/wp-json\/wp\/v2\/media\/14359"}],"wp:attachment":[{"href":"https:\/\/lelabo.ca\/fr\/wp-json\/wp\/v2\/media?parent=14351"}],"wp:term":[{"taxonomy":"team_designation","embeddable":true,"href":"https:\/\/lelabo.ca\/fr\/wp-json\/wp\/v2\/team_designation?post=14351"},{"taxonomy":"team_department","embeddable":true,"href":"https:\/\/lelabo.ca\/fr\/wp-json\/wp\/v2\/team_department?post=14351"}],"curies":[{"name":"wp","href":"https:\/\/api.w.org\/{rel}","templated":true}]}}

<p>Kathy est portraitiste multidisciplinaire, artiste visuelle; photographe, vidéaste et artisane. Native du Saguenay, d’origine Acadienne et Autochtone, elle a vécue une grande partie de sa vie au Québec, près de ce qu’elle appelle : son Fleuve. Elle vie présentement dans l&rsquo;Ouest d&rsquo;Ottawa.</p>
<p>Elle est reconnue dès son enfance, pour ses talents artistiques en dessin et musique, ainsi que sa facilité à apprendre et maîtriser des nouveaux médias et instruments. Elle cumule dès lors, des sollicitations pour faire des projets artistiques et gagne plusieurs concours. Au secondaire, elle reçoit des distinctions et obtient un baccalauréat gratuit lors d’un concours de dessin ainsi que la publication de son œuvre, pour un premier prix d’un concours littéraire provinciale. Malgré l&rsquo;interdisciplinarité des médias qu&rsquo;elle utilise, il se trace une ligne conductrice qui la motive; la recherche des liens qui donne vie a chacun des sujets qu&rsquo;elle observe, des projets qu’elle dessine, des visages qu’elle regarde et photographie.</p>
<p>Au cours des 10 dernières années en Ontario, elle a diversifié ses expériences artistiques et culturelles avec de nouvelles rencontres. Elle a fait beaucoup de projets d’explorations artistiques, appris l&rsquo;art du canoe d&rsquo;écorce traditionnel, participé à des activités et des partages culturels. Séries photos, films et capsules documentaires d&rsquo;ethnologie visuels, constructions de canoës d&rsquo;écorces traditionnels, le tout encouragés par plusieurs subventions du Conseil des Arts de l&rsquo;Ontario, motive et fait grandir ses perspectives et recherches dans son art.</p>
<div id="metaslider-id-14355" style="max-width: 700px; margin: 0 auto;" class="ml-slider-3-97-0 metaslider metaslider-flex metaslider-14355 ml-slider ms-theme-default nav-hidden" role="region" aria-roledescription="Slideshow" aria-label="Kathy Lapointe" data-width="700">
    <div id="metaslider_container_14355">
        <div id="metaslider_14355">
            <ul class='slides'>
                <li style="display: block; width: 100%;" class="slide-14358 ms-image " aria-roledescription="slide" aria-label="slide-14358" data-date="2023-05-01 15:06:06"><img loading="lazy" decoding="async" src="https://lelabo.ca/fr/wp-content/uploads/sites/2/2023/05/Capture-d’écran-2023-05-01-à-10.53.26-700x500.png" height="500" width="700" alt="" class="slider-14355 slide-14358" title="Capture d’écran 2023-05-01 à 10.53.26" /><div class="caption-wrap"><div class="caption">Exposition Nos Visages, Notre Histoire</div></div></li>
                <li style="display: none; width: 100%;" class="slide-14357 ms-image " aria-roledescription="slide" aria-label="slide-14357" data-date="2023-05-01 15:06:06"><img loading="lazy" decoding="async" src="https://lelabo.ca/fr/wp-content/uploads/sites/2/2023/05/Capture-d’écran-2023-05-01-à-10.53.36-700x500.png" height="500" width="700" alt="" class="slider-14355 slide-14357" title="Capture d’écran 2023-05-01 à 10.53.36" /><div class="caption-wrap"><div class="caption">Exposition Nos Visages, Notre Histoire</div></div></li>
                <li style="display: none; width: 100%;" class="slide-14356 ms-image " aria-roledescription="slide" aria-label="slide-14356" data-date="2023-05-01 15:06:06"><img loading="lazy" decoding="async" src="https://lelabo.ca/fr/wp-content/uploads/sites/2/2023/05/Capture-d’écran-2023-05-01-à-10.51.43-602x430.png" height="500" width="700" alt="" class="slider-14355 slide-14356" title="Capture d’écran 2023-05-01 à 10.51.43" /><div class="caption-wrap"><div class="caption">Mise à l'eau du canoë d'écorce, au Parc Oméga</div></div></li>
            </ul>
        </div>
        
    </div>
</div>
<p><em>« J&rsquo;aime faire des projets artistiques qui aident a comprendre et a se comprendre. Je crois profondément que nous appartenons à la nature et le vivant sous toutes ses formes. Je crois aussi que notre équilibre, comme celui de mon art et mes démarches artistiques, dépends de prendre conscience, d&rsquo;entretenir et de garder vivant ces liens. »</em></p>

<!-- This site is optimized with the Yoast SEO plugin v24.9 - https://yoast.com/wordpress/plugins/seo/ -->
<title>Kathy Lapointe - Le Labo FR</title>
<meta name="robots" content="index, follow, max-snippet:-1, max-image-preview:large, max-video-preview:-1" />
<link rel="canonical" href="https://lelabo.ca/fr/membre/kathy-lapointe/" />
<meta property="og:locale" content="fr_FR" />
<meta property="og:type" content="article" />
<meta property="og:title" content="Kathy Lapointe - Le Labo FR" />
<meta property="og:description" content="Kathy est portraitiste multidisciplinaire, artiste visuelle; photographe, vidéaste et artisane. Native du Saguenay, d’origine Acadienne et Autochtone, elle a vécue une grande partie de sa vie au Québec, près de ce qu’elle appelle : son Fleuve. Elle vie présentement dans" />
<meta property="og:url" content="https://lelabo.ca/fr/membre/kathy-lapointe/" />
<meta property="og:site_name" content="Le Labo FR" />
<meta property="article:modified_time" content="2023-05-01T15:13:12+00:00" />
<meta property="og:image" content="https://lelabo.ca/fr/wp-content/uploads/sites/2/2023/05/CC5NGHZKCJFYLDT2LUZBSUFPHY.jpeg" />
	<meta property="og:image:width" content="2048" />
	<meta property="og:image:height" content="1510" />
	<meta property="og:image:type" content="image/jpeg" />
<meta name="twitter:card" content="summary_large_image" />
<meta name="twitter:label1" content="Durée de lecture estimée" />
	<meta name="twitter:data1" content="2 minutes" />
<script type="application/ld+json" class="yoast-schema-graph">{"@context":"https://schema.org","@graph":[{"@type":"WebPage","@id":"https://lelabo.ca/fr/membre/kathy-lapointe/","url":"https://lelabo.ca/fr/membre/kathy-lapointe/","name":"Kathy Lapointe - Le Labo FR","isPartOf":{"@id":"https://lelabo.ca/fr/#website"},"primaryImageOfPage":{"@id":"https://lelabo.ca/fr/membre/kathy-lapointe/#primaryimage"},"image":{"@id":"https://lelabo.ca/fr/membre/kathy-lapointe/#primaryimage"},"thumbnailUrl":"https://lelabo.ca/fr/wp-content/uploads/sites/2/2023/05/CC5NGHZKCJFYLDT2LUZBSUFPHY.jpeg","datePublished":"2023-05-01T15:11:27+00:00","dateModified":"2023-05-01T15:13:12+00:00","breadcrumb":{"@id":"https://lelabo.ca/fr/membre/kathy-lapointe/#breadcrumb"},"inLanguage":"fr-FR","potentialAction":[{"@type":"ReadAction","target":["https://lelabo.ca/fr/membre/kathy-lapointe/"]}]},{"@type":"ImageObject","inLanguage":"fr-FR","@id":"https://lelabo.ca/fr/membre/kathy-lapointe/#primaryimage","url":"https://lelabo.ca/fr/wp-content/uploads/sites/2/2023/05/CC5NGHZKCJFYLDT2LUZBSUFPHY.jpeg","contentUrl":"https://lelabo.ca/fr/wp-content/uploads/sites/2/2023/05/CC5NGHZKCJFYLDT2LUZBSUFPHY.jpeg","width":2048,"height":1510,"caption":"Saguenay (Chicoutimi) maison de la presse entrevue avec kathy lapointe photographe"},{"@type":"BreadcrumbList","@id":"https://lelabo.ca/fr/membre/kathy-lapointe/#breadcrumb","itemListElement":[{"@type":"ListItem","position":1,"name":"Accueil","item":"https://lelabo.ca/fr/"},{"@type":"ListItem","position":2,"name":"Kathy Lapointe"}]},{"@type":"WebSite","@id":"https://lelabo.ca/fr/#website","url":"https://lelabo.ca/fr/","name":"Le Labo FR","description":"","potentialAction":[{"@type":"SearchAction","target":{"@type":"EntryPoint","urlTemplate":"https://lelabo.ca/fr/?s={search_term_string}"},"query-input":{"@type":"PropertyValueSpecification","valueRequired":true,"valueName":"search_term_string"}}],"inLanguage":"fr-FR"}]}</script>
<!-- / Yoast SEO plugin. -->

Kathy est portraitiste multidisciplinaire, artiste visuelle; photographe, vidéaste et artisane. Native du Saguenay, d’origine Acadienne et Autochtone, elle a vécue une grande partie de sa vie au Québec, près de ce qu’elle appelle : son Fleuve. Elle vie présentement dans
